et c be 639/12 - (-3)/4. Suppose -100 = -5*y - h, -5*y + c = -5*h - 16. What is the tens digit of y?
1
Let g(b) = -b**3 - 8*b**2 - 4*b - 12. Let n be g(-8). What is the tens digit of (65/n)/((-2)/(-8))?
1
Let h(z) = -z + 16. Suppose 0 = -2*m - 2*l + 18, 4*l = 6 + 2. What is the units digit of h(m)?
9
Suppose 4*j + 28 = u, 5*u - 3*u - 2*j = 50. Let o(c) = 3*c**2 - 2*c + 1. Let t be o(1). Suppose u = p + t*p. What is the units digit of p?
8
Suppose -4*b = -2*b - 134. Suppose 4*t - b = 1. What is the tens digit of t?
1
Let z = 364 - 153. Let x = z - 123. Suppose 3*j - 52 + 0 = 2*w, 4*w + x = 5*j. What is the tens digit of j?
1
Let w = 23 - 17. What is the units digit of w?
6
Let f be 4/6*45/6. Suppose -2*p - 5*k - 50 = -7*p, f*p + 3*k = 42. What is the units digit of p?
9
Suppose s - 5*s - 16 = -4*f, 5*s = 3*f - 8. Suppose 3*h - 9 = f. Suppose h*y + 30 = 105. What is the tens digit of y?
1
Suppose -51 = 2*m - i, 0 = -m - 3*i - 0 - 15. What is the units digit of -3 - -3*m/(-9)?
5
Suppose 1337 + 3 = 4*u. Suppose 5*s = -u - 675. What is the units digit of (-4)/18 - s/18?
1
Let b(r) = 2*r**3 - r**2 + 2*r + 7. What is the units digit of b(3)?
8
Let a(u) = u**3 + 9*u**2 - 11*u + 1. What is the tens digit of a(-10)?
1
Suppose 4 = -5*i + 4*l, l - 1 = -0. Suppose 4*c - 56 = -i*c. What is the tens digit of c?
1
What is the units digit of (1 - 2)/(3/(-209 + 5))?
8
Suppose l + l = 28. Let h = 16 + l. Suppose 5*k = -0*k + h. What is the units digit of k?
6
Let p be (-4)/5*5/(-2). Let d be (-2)/p*(-1 + -10). Let l = d - 6. What is the units digit of l?
5
Suppose -5*a = -2*a - 18. Let n be (0 - (-3)/6)*a. Suppose -5*b + 12 - 2 = 0, -n*b - 9 = -5*r. What is the units digit of r?
3
Let n be (2 + 0)/((-2)/13). Let w = -8 - n. What is the units digit of w?
5
Let c = -3 - -2. Let g = c - -13. What is the units digit of g?
2
What is the units digit of (-62)/(-8) + (-8)/(-32)?
8
Suppose -3*u + 5*c = 10, -5*u + 3*c - 2 = 4. Let y(n) = n**3 - n**2 - n + 17. What is the units digit of y(u)?
7
Let p be 7 + -8 + 4 + -1. What is the units digit of (23/p)/(13/26)?
3
Suppose 9*n - 11*n + 158 = 0. What is the tens digit of n?
7
Let f(p) = -p**3 + 7*p**2 - 7*p - 2. Let n be f(6). Let m be (-20)/n*1*2. Suppose -5*c + 10 = 3*x, -5*x + 27 = m*c + 7. What is the units digit of x?
5
Let w(r) = r. Let h be w(5). Let n = h - 0. What is the units digit of n?
5
Let u(z) = 3*z - 2*z + 5 + 11. What is the units digit of u(-9)?
7
Suppose 7 + 8 = 3*t. Suppose t*n + 8 = 6*n. What is the units digit of n?
8
Let w(q) = q**2 - 2*q + 2. Let o be w(3). Suppose -29 = -o*i + 41. What is the units digit of i?
4
Let q = 90 + -48. Let u = q - 28. What is the units digit of u?
4
Suppose 3*p - 20 = -2*p. Suppose 5*r + 6 = -p. What is the units digit of (r/6)/(1/(-27))?
9
Suppose 3*c - 2*c + 4*i = -15, -5*c - 3*i - 75 = 0. Let v = c + 24. What is the units digit of v?
9
Let f(y) = -y + 9. Let p be f(6). Suppose -8*b = -p*b - 30. What is the units digit of b?
6
Suppose -o = -2*z - 3, -z - 2 + 4 = 0. What is the units digit of o?
7
Suppose -7 = 5*j + 3. What is the units digit of 1*j*(-9 + 8)?
2
Let g = -39 + 82. Let j = g - 6. What is the tens digit of j?
3
Suppose u - 4*j = -0*j + 6, 0 = -2*u + 2*j + 6. Let z(v) = 5*v - 1. What is the units digit of z(u)?
9
Let i be (-4)/(-8)*(-10)/(-1). Suppose -i*q + 2 = -3*b, -5*q + 3 = b - 23. What is the units digit of b?
6
Suppose 2 + 8 = 2*g. Let k be (4/g)/((-2)/(-10)). What is the units digit of (-1)/2 - (-46)/k?
1
Let d = -9 - -12. Let q(n) = -n**3 + 6*n**2. What is the units digit of q(d)?
7
Suppose -4*y = 4*j + 12, -2*j + 5*y = -7 - 8. Suppose c = 2*t - 12 - 17, j = -3*t - 3*c + 30. What is the units digit of t?
3
Let y = -35 + 79. Suppose 3*r + y = -2*m + 2, 0 = -3*r + 4*m - 60. What is the units digit of (-2)/(((-10)/r)/(-5))?
6
Let m(q) = 5*q**2 - 1. Suppose f - 4 = 5*f. What is the units digit of m(f)?
4
Let o = 52 + -33. What is the tens digit of o?
1
Let u = 74 - -17. What is the tens digit of u?
9
Let o(s) = 3*s**2 + 5*s + 3. What is the tens digit of o(-5)?
5
Suppose -t - 3 = -5*p - 5, 2*p = -2*t - 20. Let d(m) be the second derivative of -m**4/12 - 5*m**3/3 - 11*m**2/2 + 2*m. What is the units digit of d(t)?
5
Suppose 2*o - 131 - 29 = 0. What is the tens digit of o?
8
Let b(h) = -3*h + 13. What is the tens digit of b(-12)?
4
Let p = 604 - 420. What is the tens digit of p?
8
Let f(n) = n**3 - 3*n**2 + 4*n - 2. Let s be f(3). Suppose 3*v - 5 = s. What is the units digit of v?
5
Let n(g) = g**3 - 5*g**2 + 6. Let v be n(5). Suppose z = -v + 20. What is the tens digit of z?
1
Suppose 4*o = 2*x - 3*x - 262, -3*o + 2*x - 202 = 0. Let q = 92 + o. What is the units digit of q?
6
Suppose -33 = -4*c + 11. What is the tens digit of c?
1
Suppose 0 = 3*z + 1618 + 26. What is the tens digit of 12/16 - z/16?
3
Let q = -128 + 86. Let c = 30 + q. Let k = 28 + c. What is the units digit of k?
6
Suppose -5*j + 8 + 2 = 0. What is the units digit of (-33)/(j/2 - 2)?
3
Suppose u = -u + 276. What is the units digit of u?
8
Suppose -26 + 10 = -2*z. What is the units digit of z?
8
Suppose 6*b + 14 = 2*l + 2*b, -3*b - 15 = -2*l. Let h = -4 + l. What is the units digit of h?
5
Let q(f) = -4*f - 2. Let o be q(-4). Let h = o + -3. What is the units digit of h?
1
Suppose -1 + 4 = o. Suppose 3*k - 7 = -b, -o*k - 5*b = -0*b - 11. Suppose -v = -k*u - 0*u + 1, 0 = 4*v - 4. What is the units digit of u?
1
Let k(t) = 3*t**2 + 2*t - 1. Let n be k(-2). Let z = n - -1. What is the units digit of (-33)/(-5) - z/(-20)?
7
Let z(p) = -5*p**2 + 3*p + 2. Let j be z(3). Let i = -3 - j. What is the units digit of i?
1
What is the units digit of 4/(-6) + 616/24?
5
Let q(u) = -u**2 + 7*u + 2. Let p be (-14)/(((-4)/(-2))/(-1)). Let z be q(p). Suppose -2*i - z*s + 0*s = 4, -5*s - 20 = 0. What is the units digit of i?
2
Let y(r) = r**3 - 8*r**2 + 7*r + 9. Let q be y(7). Suppose -q - 5 = -j. Suppose -p - p + j = 0. What is the units digit of p?
7
Let z be ((-6)/(-3))/(-1) + 18. Let o be (-14)/(-63) - z/(-9). What is the tens digit of -1 + (1 - o)*-12?
1
Let h(t) = -t**3 - t - 8*t - 8*t**2 + 8 + 3*t. What is the units digit of h(-7)?
1
Let q = 2 - 4. Let o be (1/q - -1)*4. Suppose 3*h - 6 = o*h. What is the units digit of h?
6
Let n = -8 + 11. Let a = 30 + n. What is the units digit of a?
3
Let y(q) = -17*q + 5. Let j be y(-7). Suppose 3*w - 34 = g + j, -g - 52 = -w. What is the units digit of w?
3
Suppose 5*k - 3*k = 24. Suppose -3 - k = -5*i. Let m = i + 3. What is the units digit of m?
6
Let b(p) = -16*p + 11. Let t(y) = 3*y - 2. Let w(x) = 2*b(x) + 11*t(x). Let r(c) = c**2 - c - 4. Let v be r(3). What is the units digit of w(v)?
2
Let w(k) = k + 12. Let j be w(-7). Suppose l = -5*v + 21, -v + j*v + l = 16. Let y = v - 2. What is the units digit of y?
3
Suppose 0*g = -2*m + 4*g + 6, 3*g = -5*m + 28. Suppose -d = 5*x + 2, -6 = m*d - x - 48. What is the units digit of d?
8
Let m = 152 - 46. What is the hundreds digit of m?
1
Suppose -549 = -22*k + 1035. What is the units digit of k?
2
Let t(z) be the third derivative of 0*z**3 - 1/24*z**4 + 0*z + 0 - 2*z**2. What is the units digit of t(-2)?
2
Suppose 4*x = 8, 3*n + 3 - 10 = x. Let h be (-4)/n*18/(-4). What is the tens digit of 75/6 - h/4?
1
Suppose -5*u + 55 = 3*l, 2*l - u + 0*u - 28 = 0. What is the units digit of l?
5
Suppose -9*d - 118 = -10*d. What is the hundreds digit of d?
1
Let q(o) = -o + 4. Let i be q(0). Suppose 13 = -i*a - 3, 4*a + 14 = -r. Suppose r*m - 8 = -2*m. What is the units digit of m?
2
Let u(v) = v**3 - 3*v**2 + v - 1. Let a = 10 - 7. Let k be u(a). Suppose -5*p + 15 = -5*x, 3*x - 11 = k*p - 3*p. What is the units digit of x?
2
Let f(u) = -2*u - 8. Let p be f(6). Suppose 0*o = 3*o - 6. What is the units digit of p/(-15)*6/o?
4
What is the tens digit of 354/14 - (-6)/(-21)?
2
Let o(s) = -s**2 + 62. What is the tens digit of o(0)?
6
Let k(g) = -g**3 + 9*g**2 - 6*g. Suppose 5*s = 4*s + 8. What is the units digit of k(s)?
6
Let z(j) = j**3 - j**2 - 2. Let q be z(2). Suppose 5*w - 10 = -5*o + 3*w, w = -q*o + 3. Suppose 5*t - 10 = o*t. What is the units digit of t?
0
Let h = 34 + -16. Let z = h - 13. Suppose -u - 4*u + 45 = -z*s, 4 = -2*s. What is the units digit of u?
7
Let k be -2*((-2)/(-4) - 3). Suppose k*x - 20 = 10. What is t